9 composite?
False
Is 928523647 a prime number?
False
Is 1366234319 composite?
True
Is 9403554031 a prime number?
False
Is 940979531 a composite number?
True
Is 33666531035 a prime number?
False
Is 580163929 a composite number?
False
Is 136732643 a prime number?
False
Is 5461496099 composite?
False
Is 81581977 a prime number?
False
Is 27100709917 composite?
False
Is 2660178434 prime?
False
Is 145323029 prime?
True
Is 83180435371 a prime number?
False
Is 53726728427 composite?
False
Is 480215273 composite?
True
Is 1322323021 a prime number?
False
Is 18915843827 a prime number?
True
Is 3559381229 composite?
False
Is 17350552097 composite?
True
Is 5577641989 a prime number?
True
Is 2061196997 a prime number?
True
Is 4028851349 a prime number?
True
Is 7202274467 a prime number?
True
Is 419032805 prime?
False
Is 13759431163 a composite number?
False
Is 74749151 composite?
False
Is 7774050283 prime?
False
Is 19846746371 composite?
False
Is 86645384558 a composite number?
True
Is 6667689923 a composite number?
False
Is 18179641 prime?
False
Is 65766829151 a composite number?
True
Is 90686779 a composite number?
False
Is 8326608727 a composite number?
True
Is 1572483131 a prime number?
True
Is 4005962333 a composite number?
True
Is 4267130341 composite?
False
Is 16161569497 prime?
True
Is 16942518757 a composite number?
True
Is 1386789709 a prime number?
True
Is 22143084127 a composite number?
False
Is 54042460351 prime?
False
Is 6367879183 composite?
True
Is 104889559 composite?
False
Is 722186671 prime?
True
Is 5497690337 composite?
True
Is 5380208353 a composite number?
True
Is 15748594031 prime?
True
Is 85284994777 a composite number?
False
Is 246418085 prime?
False
Is 225210389 prime?
True
Is 772609529 composite?
False
Is 20246845 a composite number?
True
Is 6358054159 prime?
False
Is 177047933 prime?
True
Is 368176902749 prime?
True
Is 162110009 a composite number?
False
Is 16303636541 a composite number?
False
Is 65576020309 a prime number?
False
Is 2246978599 prime?
True
Is 2033446301 composite?
True
Is 2962256239 a prime number?
False
Is 122862003729 a composite number?
True
Is 533753683 a composite number?
True
Is 138336609487 a composite number?
True
Is 25796234227 a composite number?
True
Is 3941597927 a composite number?
False
Is 9693821 a composite number?
False
Is 9973383479 prime?
False
Is 255971503 prime?
False
Is 577114591 a prime number?
True
Is 2565096377 a prime number?
True
Is 222611512759 a prime number?
True
Is 1795905829 composite?
False
Is 40730247829 composite?
False
Is 146614376137 a prime number?
True
Is 14778565543 composite?
True
Is 2224284583 a prime number?
False
Is 668529791 a composite number?
False
Is 200397658535 prime?
False
Is 176061871 composite?
True
Is 261787399 a composite number?
False
Is 83454849809 composite?
False
Is 4929402971 a prime number?
False
Is 370746967 prime?
True
Is 7009594859 a prime number?
True
Is 569927269 composite?
False
Is 818214407 a composite number?
False
Is 11364711299 composite?
True
Is 286806701249 a prime number?
True
Is 265281209 prime?
False
Is 426381959 prime?
True
Is 18588919981 a prime number?
True
Is 10575803471 a prime number?
False
Is 68635496473 composite?
False
Is 11138183687 composite?
False
Is 3309711341 composite?
False
Is 100047289855 a prime number?
False
Is 237374509 composite?
False
Is 217718071 a prime number?
False
Is 358611431 a composite number?
False
Is 46102250771 a prime number?
False
Is 5024714171 prime?
True
Is 2824257827 a composite number?
False
Is 18639276059 prime?
True
Is 27525949 composite?
True
Is 595565549 a composite number?
True
Is 283498779637 composite?
False
Is 11921407 prime?
False
Is 95663448167 a composite number?
True
Is 3130103617 composite?
True
Is 95470927 a composite number?
True
Is 308039227 prime?
False
Is 15624136621 composite?
False
Is 5196231059 a composite number?
True
Is 980223857 a prime number?
False
Is 114303206359 a composite number?
False
Is 9293369669 composite?
False
Is 2290131821 prime?
False
Is 16147859381 prime?
True
Is 15309192398 a composite number?
True
Is 235041869 composite?
True
Is 573501677 composite?
True
Is 25701521 prime?
False
Is 677202259 a composite number?
True
Is 401269081 a prime number?
False
Is 14191308115 a composite number?
True
Is 973973629 prime?
False
Is 27260925967 a composite number?
True
Is 126463361659 a prime number?
True
Is 4965154093 a composite number?
True
Is 781061903 composite?
False
Is 62664444215 composite?
True
Is 257489383 prime?
True
Is 939704159 prime?
False
Is 253509259 composite?
True
Is 304476313 prime?
False
Is 9137701987 a prime number?
True
Is 115558603 a prime number?
False
Is 4044953797 a composite number?
False
Is 1397889041 a composite number?
False
Is 961545227 a prime number?
True
Is 4271534437 composite?
False
Is 2794251109 composite?
True
Is 85830247 composite?
True
Is 85392947 a composite number?
False
Is 1980259691 composite?
True
Is 438134069 prime?
False
Is 36335451877 composite?
True
Is 458416834 a prime number?
False
Is 148077902839 composite?
False
Is 47460947 composite?
True
Is 1684494457 a prime number?
False
Is 45997357 a prime number?
False
Is 22411888903 prime?
True
Is 26633359477 a prime number?
False
Is 8746058171 a composite number?
False
Is 101368006003 a prime number?
False
Is 7377304699 composite?
True
Is 52039274741 composite?
True
Is 636735131 composite?
False
Is 1009967843 prime?
True
Is 8939077513 a prime number?
False
Is 969185803 a composite number?
False
Is 449937557 composite?
True
Is 5187217097 composite?
False
Is 852063571 a composite number?
False
Is 8262185417 a prime number?
True
Is 250338437 prime?
False
Is 26437123751 prime?
True
Is 6134755369 a composite number?
True
Is 153790053097 a composite number?
False
Is 158518960091 a prime number?
False
Is 6003374519 a composite number?
False
Is 4550228561 composite?
False
Is 1706830171 a composite number?
False
Is 331241551 a composite number?
False
Is 1055294267 a prime number?
True
Is 2097915383 a composite number?
True
Is 16866419 a prime number?
True
Is 166767413 composite?
True
Is 1191144467 composite?
True
Is 940223263 composite?
True
Is 1437453389 a prime number?
False
Is 4287962273 a prime number?
False
Is 1155595733 composite?
True
Is 18473926091 composite?
True
Is 2757538579 composite?
False
Is 405171737 prime?
True
Is 10521381269 a composite number?
True
Is 23390867219 a composite number?
True
Is 4871336783 a prime number?
False
Is 456302351 prime?
True
Is 954267549 a composite number?
True
Is 7521001051 prime?
True
Is 249520230671 prime?
True
Is 28718950489 a prime number?
True
Is 5970101957 a prime number?
True
Is 3798125827 a prime number?
True
Is 24966443449 a prime number?
True
Is 2128897259 prime?
True
Is 137450909 a prime number?
False
Is 38902358993 a composite number?
False
Is 126232932603 composite?
True
Is 8692358027 a prime number?
False
Is 9189823963 prime?
False
Is 3352902601 a composite number?
False
Is 184026107 prime?
False
Is 213702667 a prime number?
True
Is 5517990061 prime?
False
Is 7891897033 a composite number?
True
Is 247196671 a composite number?
False
Is 41712521029 a prime number?
False
Is 32924325331 a composite number?
False
Is 10294761871 composite?
True
Is 101623180202 prime?
False
Is 11329297 composite?
True
Is 1072521686 a prime number?
False
Is 2607770263 a composite number?
True
Is 67912784557 a composite number?
True
Is 9797261627 composite?
True
Is 11398873459 composite?
False
Is 598361437 prime?
False
Is 1341761493 a prime number?
False
Is 33361314011 prime?
True
Is 2274259147 a composite number?
True
Is 20579238101 a composite number?
False
Is 11247568291 composite?
False
Is 1385250857 a composite number?
False
Is 5740932719 prime?
True
Is 76900640867 prime?
False
Is 1205974531 prime?
True
Is 52661837617 a prime number?
False
Is 2226526213 prime?
True
Is 1548436607 a prime number?
True
Is 2944128947 a composite number?
False
Is 661664201 a prime number?
False
Is 357422803 a prime number?
False
Is 345066037 a composite number?
False
Is 4183380337 composite?
False
Is 11211268967 composite?
False
Is 4428266569 a composite number?
False
Is 687370821 prime?
False
Is 1206178891 a prime number?
False
Is 4536257073 a composite number?
True
Is